{"id":29,"date":"2015-10-29T15:55:47","date_gmt":"2015-10-29T15:55:47","guid":{"rendered":"https:\/\/www.ville.magog.qc.ca\/bibliotheque\/?page_id=29"},"modified":"2023-03-20T13:02:57","modified_gmt":"2023-03-20T18:02:57","slug":"retards-bris-pertes","status":"publish","type":"page","link":"https:\/\/www.ville.magog.qc.ca\/bibliotheque\/abonnement-et-pret\/retards-bris-pertes\/","title":{"rendered":"Retards, bris, pertes"},"content":{"rendered":"<div class=\"wpb-content-wrapper\"><p>[vc_row][vc_column][vc_single_image image=&#8221;77&#8243;][\/vc_column][\/vc_row][vc_row][vc_column][vc_column_text]<\/p>\n<h4>Frais de retard<\/h4>\n<p>Document rapport\u00e9 apr\u00e8s la date d\u2019\u00e9ch\u00e9ance du pr\u00eat :<\/p>\n<ul>\n<li>0,10 $ par jour par document (livres, jeux de soci\u00e9t\u00e9, etc.)<strong>;<\/strong><\/li>\n<li>1 $ par jour par document <strong>en location<\/strong>;<\/li>\n<li>Maximum : 10 $ par\u00a0abonn\u00e9.<\/li>\n<\/ul>\n<hr \/>\n<h4>Documents endommag\u00e9s ou incomplets (livres, cd, dvd, jeux, revues, etc.)<\/h4>\n<p>Lors du retour d\u2019un document, l\u2019\u00e9tat physique de celui-ci est v\u00e9rifi\u00e9.<\/p>\n<p>Des frais de r\u00e9paration mineure s\u2019appliqueront pour le remplacement de pi\u00e8ces perdues ou endommag\u00e9es, pour r\u00e9paration mineure et\/ou reliure. Une facture sera \u00e9mise.<\/p>\n<p>Lorsqu\u2019un document est jug\u00e9 trop endommag\u00e9 (taches, souillure, d\u00e9chirure, moisissures, crayonnage, abim\u00e9 par l\u2019eau et autre liquide, grignoter par un animal, mauvaise odeur, etc.) ou qu\u2019une pi\u00e8ce importante d\u2019un jeu est perdue ou endommag\u00e9e, une facture est \u00e9mise indiquant le montant de la p\u00e9nalit\u00e9 et le montant des frais d\u2019administration exig\u00e9s.<\/p>\n<p>La p\u00e9nalit\u00e9 \u00e9quivaut \u00e0 la valeur marchande du document \u00e0 remplacer. Le document demeure la propri\u00e9t\u00e9 de la Biblioth\u00e8que Memphr\u00e9magog. La biblioth\u00e8que r\u00e9utilise les documents endommag\u00e9s et retir\u00e9s de ses collections en leur donnant une deuxi\u00e8me vie\u00a0: r\u00e9paration d\u2019un autre document endommag\u00e9, r\u00e9utilisation des pi\u00e8ces d\u2019un jeu incomplet, ateliers de bricolage, dons \u00e0 des organismes communautaires, recyclage par des organismes professionnels, etc.<\/p>\n<hr \/>\n<h4>Perte de document<\/h4>\n<p>Si vous perdez un document, vous devrez payer le montant de la p\u00e9nalit\u00e9 et le montant des frais d\u2019administration exig\u00e9s.<\/p>\n<p>La p\u00e9nalit\u00e9 \u00e9quivaut \u00e0 la valeur marchande du document \u00e0 remplacer.<\/p>\n<hr \/>\n<h4>Documents non retourn\u00e9s<\/h4>\n<p>Les documents en retard de 30 jours et plus sont factur\u00e9s \u00e0 l&#8217;abonn\u00e9.[\/vc_column_text][\/vc_column][\/vc_row]<\/p>\n<\/div>","protected":false},"excerpt":{"rendered":"<p>[vc_row][vc_column][vc_single_image image=&#8221;77&#8243;][\/vc_column][\/vc_row][vc_row][vc_column][vc_column_text] Frais de retard Document rapport\u00e9 apr\u00e8s la date d\u2019\u00e9ch\u00e9ance du pr\u00eat : 0,10 $ par jour par document &hellip; <\/p>\n","protected":false},"author":16,"featured_media":77,"parent":17,"menu_order":5,"comment_status":"closed","ping_status":"closed","template":"","meta":{"_acf_changed":false,"footnotes":""},"tags":[],"class_list":["post-29","page","type-page","status-publish","hentry"],"acf":[],"yoast_head":"<!-- This site is optimized with the Yoast SEO plugin v27.4 - https:\/\/yoast.com\/product\/yoast-seo-wordpress\/ -->\n<title>Retards, bris, pertes - Bibliotheque<\/title>\n<meta name=\"robots\" content=\"index, follow, max-snippet:-1, max-image-preview:large, max-video-preview:-1\" \/>\n<link rel=\"canonical\" href=\"https:\/\/www.ville.magog.qc.ca\/bibliotheque\/abonnement-et-pret\/retards-bris-pertes\/\" \/>\n<meta property=\"og:locale\" content=\"fr_FR\" \/>\n<meta property=\"og:type\" content=\"article\" \/>\n<meta property=\"og:title\" content=\"Retards, bris, pertes - Bibliotheque\" \/>\n<meta property=\"og:description\" content=\"[vc_row][vc_column][vc_single_image image=&#8221;77&#8243;][\/vc_column][\/vc_row][vc_row][vc_column][vc_column_text] Frais de retard Document rapport\u00e9 apr\u00e8s la date d\u2019\u00e9ch\u00e9ance du pr\u00eat : 0,10 $ par jour par document &hellip;\" \/>\n<meta property=\"og:url\" content=\"https:\/\/www.ville.magog.qc.ca\/bibliotheque\/abonnement-et-pret\/retards-bris-pertes\/\" \/>\n<meta property=\"og:site_name\" content=\"Bibliotheque\" \/>\n<meta property=\"article:modified_time\" content=\"2023-03-20T18:02:57+00:00\" \/>\n<meta property=\"og:image\" content=\"https:\/\/www.ville.magog.qc.ca\/bibliotheque\/wp-content\/uploads\/2015\/10\/photo-retards-bris-pertes.jpg\" \/>\n\t<meta property=\"og:image:width\" content=\"625\" \/>\n\t<meta property=\"og:image:height\" content=\"225\" \/>\n\t<meta property=\"og:image:type\" content=\"image\/jpeg\" \/>\n<meta name=\"twitter:card\" content=\"summary_large_image\" \/>\n<meta name=\"twitter:label1\" content=\"Dur\u00e9e de lecture estim\u00e9e\" \/>\n\t<meta name=\"twitter:data1\" content=\"2 minutes\" \/>\n<script type=\"application\/ld+json\" class=\"yoast-schema-graph\">{\"@context\":\"https:\\\/\\\/schema.org\",\"@graph\":[{\"@type\":\"WebPage\",\"@id\":\"https:\\\/\\\/www.ville.magog.qc.ca\\\/bibliotheque\\\/abonnement-et-pret\\\/retards-bris-pertes\\\/\",\"url\":\"https:\\\/\\\/www.ville.magog.qc.ca\\\/bibliotheque\\\/abonnement-et-pret\\\/retards-bris-pertes\\\/\",\"name\":\"Retards, bris, pertes - Bibliotheque\",\"isPartOf\":{\"@id\":\"https:\\\/\\\/www.ville.magog.qc.ca\\\/bibliotheque\\\/#website\"},\"primaryImageOfPage\":{\"@id\":\"https:\\\/\\\/www.ville.magog.qc.ca\\\/bibliotheque\\\/abonnement-et-pret\\\/retards-bris-pertes\\\/#primaryimage\"},\"image\":{\"@id\":\"https:\\\/\\\/www.ville.magog.qc.ca\\\/bibliotheque\\\/abonnement-et-pret\\\/retards-bris-pertes\\\/#primaryimage\"},\"thumbnailUrl\":\"https:\\\/\\\/www.ville.magog.qc.ca\\\/bibliotheque\\\/wp-content\\\/uploads\\\/2015\\\/10\\\/photo-retards-bris-pertes.jpg\",\"datePublished\":\"2015-10-29T15:55:47+00:00\",\"dateModified\":\"2023-03-20T18:02:57+00:00\",\"breadcrumb\":{\"@id\":\"https:\\\/\\\/www.ville.magog.qc.ca\\\/bibliotheque\\\/abonnement-et-pret\\\/retards-bris-pertes\\\/#breadcrumb\"},\"inLanguage\":\"fr-FR\",\"potentialAction\":[{\"@type\":\"ReadAction\",\"target\":[\"https:\\\/\\\/www.ville.magog.qc.ca\\\/bibliotheque\\\/abonnement-et-pret\\\/retards-bris-pertes\\\/\"]}]},{\"@type\":\"ImageObject\",\"inLanguage\":\"fr-FR\",\"@id\":\"https:\\\/\\\/www.ville.magog.qc.ca\\\/bibliotheque\\\/abonnement-et-pret\\\/retards-bris-pertes\\\/#primaryimage\",\"url\":\"https:\\\/\\\/www.ville.magog.qc.ca\\\/bibliotheque\\\/wp-content\\\/uploads\\\/2015\\\/10\\\/photo-retards-bris-pertes.jpg\",\"contentUrl\":\"https:\\\/\\\/www.ville.magog.qc.ca\\\/bibliotheque\\\/wp-content\\\/uploads\\\/2015\\\/10\\\/photo-retards-bris-pertes.jpg\",\"width\":625,\"height\":225,\"caption\":\"bibliotheque memphremagog\"},{\"@type\":\"BreadcrumbList\",\"@id\":\"https:\\\/\\\/www.ville.magog.qc.ca\\\/bibliotheque\\\/abonnement-et-pret\\\/retards-bris-pertes\\\/#breadcrumb\",\"itemListElement\":[{\"@type\":\"ListItem\",\"position\":1,\"name\":\"Home\",\"item\":\"https:\\\/\\\/www.ville.magog.qc.ca\\\/bibliotheque\\\/\"},{\"@type\":\"ListItem\",\"position\":2,\"name\":\"Abonnement et pr\u00eat\",\"item\":\"https:\\\/\\\/www.ville.magog.qc.ca\\\/bibliotheque\\\/abonnement-et-pret\\\/\"},{\"@type\":\"ListItem\",\"position\":3,\"name\":\"Retards, bris, pertes\"}]},{\"@type\":\"WebSite\",\"@id\":\"https:\\\/\\\/www.ville.magog.qc.ca\\\/bibliotheque\\\/#website\",\"url\":\"https:\\\/\\\/www.ville.magog.qc.ca\\\/bibliotheque\\\/\",\"name\":\"Bibliotheque\",\"description\":\"Bibliotheque Magog\",\"potentialAction\":[{\"@type\":\"SearchAction\",\"target\":{\"@type\":\"EntryPoint\",\"urlTemplate\":\"https:\\\/\\\/www.ville.magog.qc.ca\\\/bibliotheque\\\/?s={search_term_string}\"},\"query-input\":{\"@type\":\"PropertyValueSpecification\",\"valueRequired\":true,\"valueName\":\"search_term_string\"}}],\"inLanguage\":\"fr-FR\"}]}<\/script>\n<!-- \/ Yoast SEO plugin. -->","yoast_head_json":{"title":"Retards, bris, pertes - Bibliotheque","robots":{"index":"index","follow":"follow","max-snippet":"max-snippet:-1","max-image-preview":"max-image-preview:large","max-video-preview":"max-video-preview:-1"},"canonical":"https:\/\/www.ville.magog.qc.ca\/bibliotheque\/abonnement-et-pret\/retards-bris-pertes\/","og_locale":"fr_FR","og_type":"article","og_title":"Retards, bris, pertes - Bibliotheque","og_description":"[vc_row][vc_column][vc_single_image image=&#8221;77&#8243;][\/vc_column][\/vc_row][vc_row][vc_column][vc_column_text] Frais de retard Document rapport\u00e9 apr\u00e8s la date d\u2019\u00e9ch\u00e9ance du pr\u00eat : 0,10 $ par jour par document &hellip;","og_url":"https:\/\/www.ville.magog.qc.ca\/bibliotheque\/abonnement-et-pret\/retards-bris-pertes\/","og_site_name":"Bibliotheque","article_modified_time":"2023-03-20T18:02:57+00:00","og_image":[{"width":625,"height":225,"url":"https:\/\/www.ville.magog.qc.ca\/bibliotheque\/wp-content\/uploads\/2015\/10\/photo-retards-bris-pertes.jpg","type":"image\/jpeg"}],"twitter_card":"summary_large_image","twitter_misc":{"Dur\u00e9e de lecture estim\u00e9e":"2 minutes"},"schema":{"@context":"https:\/\/schema.org","@graph":[{"@type":"WebPage","@id":"https:\/\/www.ville.magog.qc.ca\/bibliotheque\/abonnement-et-pret\/retards-bris-pertes\/","url":"https:\/\/www.ville.magog.qc.ca\/bibliotheque\/abonnement-et-pret\/retards-bris-pertes\/","name":"Retards, bris, pertes - Bibliotheque","isPartOf":{"@id":"https:\/\/www.ville.magog.qc.ca\/bibliotheque\/#website"},"primaryImageOfPage":{"@id":"https:\/\/www.ville.magog.qc.ca\/bibliotheque\/abonnement-et-pret\/retards-bris-pertes\/#primaryimage"},"image":{"@id":"https:\/\/www.ville.magog.qc.ca\/bibliotheque\/abonnement-et-pret\/retards-bris-pertes\/#primaryimage"},"thumbnailUrl":"https:\/\/www.ville.magog.qc.ca\/bibliotheque\/wp-content\/uploads\/2015\/10\/photo-retards-bris-pertes.jpg","datePublished":"2015-10-29T15:55:47+00:00","dateModified":"2023-03-20T18:02:57+00:00","breadcrumb":{"@id":"https:\/\/www.ville.magog.qc.ca\/bibliotheque\/abonnement-et-pret\/retards-bris-pertes\/#breadcrumb"},"inLanguage":"fr-FR","potentialAction":[{"@type":"ReadAction","target":["https:\/\/www.ville.magog.qc.ca\/bibliotheque\/abonnement-et-pret\/retards-bris-pertes\/"]}]},{"@type":"ImageObject","inLanguage":"fr-FR","@id":"https:\/\/www.ville.magog.qc.ca\/bibliotheque\/abonnement-et-pret\/retards-bris-pertes\/#primaryimage","url":"https:\/\/www.ville.magog.qc.ca\/bibliotheque\/wp-content\/uploads\/2015\/10\/photo-retards-bris-pertes.jpg","contentUrl":"https:\/\/www.ville.magog.qc.ca\/bibliotheque\/wp-content\/uploads\/2015\/10\/photo-retards-bris-pertes.jpg","width":625,"height":225,"caption":"bibliotheque memphremagog"},{"@type":"BreadcrumbList","@id":"https:\/\/www.ville.magog.qc.ca\/bibliotheque\/abonnement-et-pret\/retards-bris-pertes\/#breadcrumb","itemListElement":[{"@type":"ListItem","position":1,"name":"Home","item":"https:\/\/www.ville.magog.qc.ca\/bibliotheque\/"},{"@type":"ListItem","position":2,"name":"Abonnement et pr\u00eat","item":"https:\/\/www.ville.magog.qc.ca\/bibliotheque\/abonnement-et-pret\/"},{"@type":"ListItem","position":3,"name":"Retards, bris, pertes"}]},{"@type":"WebSite","@id":"https:\/\/www.ville.magog.qc.ca\/bibliotheque\/#website","url":"https:\/\/www.ville.magog.qc.ca\/bibliotheque\/","name":"Bibliotheque","description":"Bibliotheque Magog","potentialAction":[{"@type":"SearchAction","target":{"@type":"EntryPoint","urlTemplate":"https:\/\/www.ville.magog.qc.ca\/bibliotheque\/?s={search_term_string}"},"query-input":{"@type":"PropertyValueSpecification","valueRequired":true,"valueName":"search_term_string"}}],"inLanguage":"fr-FR"}]}},"_links":{"self":[{"href":"https:\/\/www.ville.magog.qc.ca\/bibliotheque\/wp-json\/wp\/v2\/pages\/29","targetHints":{"allow":["GET"]}}],"collection":[{"href":"https:\/\/www.ville.magog.qc.ca\/bibliotheque\/wp-json\/wp\/v2\/pages"}],"about":[{"href":"https:\/\/www.ville.magog.qc.ca\/bibliotheque\/wp-json\/wp\/v2\/types\/page"}],"author":[{"embeddable":true,"href":"https:\/\/www.ville.magog.qc.ca\/bibliotheque\/wp-json\/wp\/v2\/users\/16"}],"replies":[{"embeddable":true,"href":"https:\/\/www.ville.magog.qc.ca\/bibliotheque\/wp-json\/wp\/v2\/comments?post=29"}],"version-history":[{"count":19,"href":"https:\/\/www.ville.magog.qc.ca\/bibliotheque\/wp-json\/wp\/v2\/pages\/29\/revisions"}],"predecessor-version":[{"id":1753,"href":"https:\/\/www.ville.magog.qc.ca\/bibliotheque\/wp-json\/wp\/v2\/pages\/29\/revisions\/1753"}],"up":[{"embeddable":true,"href":"https:\/\/www.ville.magog.qc.ca\/bibliotheque\/wp-json\/wp\/v2\/pages\/17"}],"wp:featuredmedia":[{"embeddable":true,"href":"https:\/\/www.ville.magog.qc.ca\/bibliotheque\/wp-json\/wp\/v2\/media\/77"}],"wp:attachment":[{"href":"https:\/\/www.ville.magog.qc.ca\/bibliotheque\/wp-json\/wp\/v2\/media?parent=29"}],"wp:term":[{"taxonomy":"post_tag","embeddable":true,"href":"https:\/\/www.ville.magog.qc.ca\/bibliotheque\/wp-json\/wp\/v2\/tags?post=29"}],"curies":[{"name":"wp","href":"https:\/\/api.w.org\/{rel}","templated":true}]}}

<div class="wpb-content-wrapper"><p>[vc_row][vc_column][vc_single_image image=&#8221;77&#8243;][/vc_column][/vc_row][vc_row][vc_column][vc_column_text]</p>
<h4>Frais de retard</h4>
<p>Document rapporté après la date d’échéance du prêt :</p>
<ul>
<li>0,10 $ par jour par document (livres, jeux de société, etc.)<strong>;</strong></li>
<li>1 $ par jour par document <strong>en location</strong>;</li>
<li>Maximum : 10 $ par abonné.</li>
</ul>
<hr />
<h4>Documents endommagés ou incomplets (livres, cd, dvd, jeux, revues, etc.)</h4>
<p>Lors du retour d’un document, l’état physique de celui-ci est vérifié.</p>
<p>Des frais de réparation mineure s’appliqueront pour le remplacement de pièces perdues ou endommagées, pour réparation mineure et/ou reliure. Une facture sera émise.</p>
<p>Lorsqu’un document est jugé trop endommagé (taches, souillure, déchirure, moisissures, crayonnage, abimé par l’eau et autre liquide, grignoter par un animal, mauvaise odeur, etc.) ou qu’une pièce importante d’un jeu est perdue ou endommagée, une facture est émise indiquant le montant de la pénalité et le montant des frais d’administration exigés.</p>
<p>La pénalité équivaut à la valeur marchande du document à remplacer. Le document demeure la propriété de la Bibliothèque Memphrémagog. La bibliothèque réutilise les documents endommagés et retirés de ses collections en leur donnant une deuxième vie : réparation d’un autre document endommagé, réutilisation des pièces d’un jeu incomplet, ateliers de bricolage, dons à des organismes communautaires, recyclage par des organismes professionnels, etc.</p>
<hr />
<h4>Perte de document</h4>
<p>Si vous perdez un document, vous devrez payer le montant de la pénalité et le montant des frais d’administration exigés.</p>
<p>La pénalité équivaut à la valeur marchande du document à remplacer.</p>
<hr />
<h4>Documents non retournés</h4>
<p>Les documents en retard de 30 jours et plus sont facturés à l&#8217;abonné.[/vc_column_text][/vc_column][/vc_row]</p>
</div>

<p>[vc_row][vc_column][vc_single_image image=&#8221;77&#8243;][/vc_column][/vc_row][vc_row][vc_column][vc_column_text] Frais de retard Document rapporté après la date d’échéance du prêt : 0,10 $ par jour par document &hellip; </p>

<!-- This site is optimized with the Yoast SEO plugin v27.4 - https://yoast.com/product/yoast-seo-wordpress/ -->
<title>Retards, bris, pertes - Bibliotheque</title>
<meta name="robots" content="index, follow, max-snippet:-1, max-image-preview:large, max-video-preview:-1" />
<link rel="canonical" href="https://www.ville.magog.qc.ca/bibliotheque/abonnement-et-pret/retards-bris-pertes/" />
<meta property="og:locale" content="fr_FR" />
<meta property="og:type" content="article" />
<meta property="og:title" content="Retards, bris, pertes - Bibliotheque" />
<meta property="og:description" content="[vc_row][vc_column][vc_single_image image=&#8221;77&#8243;][/vc_column][/vc_row][vc_row][vc_column][vc_column_text] Frais de retard Document rapporté après la date d’échéance du prêt : 0,10 $ par jour par document &hellip;" />
<meta property="og:url" content="https://www.ville.magog.qc.ca/bibliotheque/abonnement-et-pret/retards-bris-pertes/" />
<meta property="og:site_name" content="Bibliotheque" />
<meta property="article:modified_time" content="2023-03-20T18:02:57+00:00" />
<meta property="og:image" content="https://www.ville.magog.qc.ca/bibliotheque/wp-content/uploads/2015/10/photo-retards-bris-pertes.jpg" />
	<meta property="og:image:width" content="625" />
	<meta property="og:image:height" content="225" />
	<meta property="og:image:type" content="image/jpeg" />
<meta name="twitter:card" content="summary_large_image" />
<meta name="twitter:label1" content="Durée de lecture estimée" />
	<meta name="twitter:data1" content="2 minutes" />
<script type="application/ld+json" class="yoast-schema-graph">{"@context":"https:\/\/schema.org","@graph":[{"@type":"WebPage","@id":"https:\/\/www.ville.magog.qc.ca\/bibliotheque\/abonnement-et-pret\/retards-bris-pertes\/","url":"https:\/\/www.ville.magog.qc.ca\/bibliotheque\/abonnement-et-pret\/retards-bris-pertes\/","name":"Retards, bris, pertes - Bibliotheque","isPartOf":{"@id":"https:\/\/www.ville.magog.qc.ca\/bibliotheque\/#website"},"primaryImageOfPage":{"@id":"https:\/\/www.ville.magog.qc.ca\/bibliotheque\/abonnement-et-pret\/retards-bris-pertes\/#primaryimage"},"image":{"@id":"https:\/\/www.ville.magog.qc.ca\/bibliotheque\/abonnement-et-pret\/retards-bris-pertes\/#primaryimage"},"thumbnailUrl":"https:\/\/www.ville.magog.qc.ca\/bibliotheque\/wp-content\/uploads\/2015\/10\/photo-retards-bris-pertes.jpg","datePublished":"2015-10-29T15:55:47+00:00","dateModified":"2023-03-20T18:02:57+00:00","breadcrumb":{"@id":"https:\/\/www.ville.magog.qc.ca\/bibliotheque\/abonnement-et-pret\/retards-bris-pertes\/#breadcrumb"},"inLanguage":"fr-FR","potentialAction":[{"@type":"ReadAction","target":["https:\/\/www.ville.magog.qc.ca\/bibliotheque\/abonnement-et-pret\/retards-bris-pertes\/"]}]},{"@type":"ImageObject","inLanguage":"fr-FR","@id":"https:\/\/www.ville.magog.qc.ca\/bibliotheque\/abonnement-et-pret\/retards-bris-pertes\/#primaryimage","url":"https:\/\/www.ville.magog.qc.ca\/bibliotheque\/wp-content\/uploads\/2015\/10\/photo-retards-bris-pertes.jpg","contentUrl":"https:\/\/www.ville.magog.qc.ca\/bibliotheque\/wp-content\/uploads\/2015\/10\/photo-retards-bris-pertes.jpg","width":625,"height":225,"caption":"bibliotheque memphremagog"},{"@type":"BreadcrumbList","@id":"https:\/\/www.ville.magog.qc.ca\/bibliotheque\/abonnement-et-pret\/retards-bris-pertes\/#breadcrumb","itemListElement":[{"@type":"ListItem","position":1,"name":"Home","item":"https:\/\/www.ville.magog.qc.ca\/bibliotheque\/"},{"@type":"ListItem","position":2,"name":"Abonnement et prêt","item":"https:\/\/www.ville.magog.qc.ca\/bibliotheque\/abonnement-et-pret\/"},{"@type":"ListItem","position":3,"name":"Retards, bris, pertes"}]},{"@type":"WebSite","@id":"https:\/\/www.ville.magog.qc.ca\/bibliotheque\/#website","url":"https:\/\/www.ville.magog.qc.ca\/bibliotheque\/","name":"Bibliotheque","description":"Bibliotheque Magog","potentialAction":[{"@type":"SearchAction","target":{"@type":"EntryPoint","urlTemplate":"https:\/\/www.ville.magog.qc.ca\/bibliotheque\/?s={search_term_string}"},"query-input":{"@type":"PropertyValueSpecification","valueRequired":true,"valueName":"search_term_string"}}],"inLanguage":"fr-FR"}]}</script>
<!-- / Yoast SEO plugin. -->

[vc_row][vc_column][vc_single_image image=&#8221;77&#8243;][/vc_column][/vc_row][vc_row][vc_column][vc_column_text] Frais de retard Document rapporté après la date d’échéance du prêt : 0,10 $ par jour par document &hellip;

Abonnement et prêt
